1000201112020 (base 3) to base 15.
-aba36
-28484 (base 12) to base 2
-1101101010100100
What is -14803 (base 16) in base 10?
-83971
21413153 (base 8) to base 3
22122100202201
What is -42357 (base 12) in base 10?
-86899
207067 (base 13) to base 16
b9122
Convert -3331221330 (base 4) to base 8.
-3755174
-122f33 (base 16) to base 2
-100100010111100110011
What is 121211 (base 3) in base 12?
31a
Convert -30441014 (base 5) to base 3.
-110200021002
Convert -3304246 (base 8) to base 15.
-127c00
-11333313312 (base 4) to base 14
-2cd022
What is -131244422 (base 5) in base 12?
-274197
What is -38724 (base 16) in base 11?
-148786
Convert 12030162 (base 7) to base 16.
104499
1111111122222 (base 3) to base 12
325482
What is 1212010102111 (base 3) in base 15?
147517
-713b5 (base 12) to base 8
-437771
-2a7887 (base 12) to base 11
-4507a9
What is -5605247 (base 8) in base 12?
-609a5b
Convert -51400115 (base 6) to base 5.
-334234422
800fd3 (base 16) to base 6
455514523
What is -11001102120 (base 3) in base 13?
-2a405
16527263 (base 8) to base 10
3845811
-10111110000100010 (base 2) to base 7
-553500
What is 1016636 (base 9) in base 12?
222213
113301310 (base 4) to base 14
276cc
What is -449094 (base 10) in base 15?
-8d0e9
What is 83335 (base 11) in base 9?
204624
Convert -111111000112 (base 3) to base 16.
-40c9a
Convert -2060475 (base 8) to base 11.
-345676
What is -2300111 (base 6) in base 3?
-12221001121
-1331031233 (base 4) to base 9
-861475
What is 129227 (base 12) in base 5?
34244200
-100100111010011111 (base 2) to base 3
-21200101222
-2616ba (base 13) to base 16
-dff44
-10012211 (base 5) to base 8
-232320
-4062a (base 11) to base 13
-21003
What is 69cfa (base 16) in base 14?
b3d34
-1475514 (base 11) to base 2
-1001101000100101010111
Convert 1122017 (base 8) to base 7.
2404500
What is 3048a (base 13) in base 4?
111013021
Convert 23a2b (base 12) to base 15.
e3db
Convert -16426553 (base 7) to base 4.
-12013203200
-1798b54 (base 12) to base 16
-4b3970
What is -504542000 (base 6) in base 9?
-17212030
What is -484858 (base 10) in base 6?
-14220414
-4661a2 (base 11) to base 5
-142142034
What is 2b8b584 (base 12) in base 4?
201323211310
What is 59788 (base 12) in base 16?
1d618
What is 24112433 (base 5) in base 3?
102022201101
What is 110110000000000011 (base 2) in base 10?
221187
Convert -1030233023 (base 4) to base 5.
-40024230
Convert -211320104 (base 5) to base 3.
-1122222220000
-31050 (base 15) to base 6
-3155033
474421 (base 15) to base 11
1a17232
-ab66 (base 16) to base 2
-1010101101100110
Convert -217c0 (base 13) to base 4.
-32303302
What is -32430331 (base 5) in base 2?
-1000100011000011011
-615020 (base 9) to base 5
-43131033
9b6a1 (base 14) to base 7
3130561
-111000011111000000 (base 2) to base 9
-382326
Convert 10110010101111001101 (base 2) to base 5.
141411414
Convert 1401213 (base 7) to base 13.
66480
-111011100001000000 (base 2) to base 6
-5120332
Convert 15333222 (base 7) to base 9.
2681200
What is -57890c (base 15) in base 5?
-2032232122
What is 18282 (base 9) in base 11?
9541
Convert 33220314 (base 5) to base 16.
46842
What is 4c635 (base 13) in base 4?
202211202
-559569 (base 11) to base 2
-11011001100011101111
423500 (base 7) to base 11
50090
-22003442 (base 5) to base 11
-119277
What is -100001001110000010110 (base 2) in base 12?
-445b32
-8c535 (base 13) to base 7
-2113413
-263127 (base 9) to base 5
-20103012
Convert -22487 (base 13) to base 4.
-33031133
Convert 531414 (base 6) to base 7.
236524
Convert -479631 (base 10) to base 2.
-1110101000110001111
-3145 (base 8) to base 7
-4526
Convert 13204051 (base 6) to base 8.
1524177
166988 (base 11) to base 3
111010000002
What is -154222442 (base 6) in base 9?
-6155638
What is -45536 (base 12) in base 8?
-264272
What is 33480 (base 11) in base 3?
2110111212
43401041 (base 5) to base 14
9980d
What is 5380578 (base 10) in base 3?
101010100202200
282735 (base 12) to base 15
d2e22
-403311513 (base 6) to base 3
-110221201100000
Convert 1011220100120 (base 3) to base 11.
399853
-2003200302 (base 4) to base 2
-10000011100000110010
-b15b4 (base 12) to base 6
-4535544
203020132 (base 4) to base 16
2321e
What is 1a819 (base 11) in base 9?
43624
Convert 1015282 (base 9) to base 10.
541883
Convert -154aa2 (base 12) to base 16.
-5821a
b59c70 (base 15) to base 14
120c6a2
Convert -31202241 (base 6) to base 10.
-902545
Convert -212221102220200 (base 3) to base 8.
-60423277
2571022 (base 11) to base 13
bcb665
1206330 (base 7) to base 8
453621
What is 64175 (base 14) in base 15?
4b981
24140231 (base 6) to base 12
307677
What is -121044520 (base 7) in base 16?
-731023
What is -6ab50 (base 13) in base 3?
-100220211212
Convert 2102112102122 (base 3) to base 13.
362183
2584753 (base 9) to base 14
28b506
What is -34610434 (base 7) in base 10?
-3044689
Convert 110103003330 (base 4) to base 3.
101000022222110
-1510086 (base 11) to base 6
-131313531
What is -1020111210122 (base 3) in base 8?
-2410220
Convert a8aa78 (base 11) to base 16.
1a95a3
What is -869437 (base 10) in base 9?
-1564571
a7745 (base 12) to base 16
35d65
What is -303303020121 (base 4) in base 12?
-466a109
Convert -1332223333 (base 4) to base 5.
-113101121
What is 80cee (base 15) in base 16?
63974
1211002023 (base 4) to base 15
82940
Convert -122300 (base 4) to base 15.
-792
What is -1003672 (base 8) in base 13?
-932b1
-110000100100100111 (base 2) to base 13
-6c72c
-15320244 (base 7) to base 6
-51240153
c61b4 (base 14) to base 7
4030014
-304825 (base 9) to base 16
-2c1fe
What is 7c3108 (base 16) in base 8?
37030410
-1026329 (base 10) to base 15
-15416e
Convert -4043980 (base 12) to base 5.
-11040032311
12123240 (base 5) to base 15
23c80
-50650 (base 7) to base 14
-46d0
What is -44857 (base 12) in base 9?
-147834
Convert -112111230020 (base 4) to base 13.
-12a05c2
1011101101100000 (base 2) to base 12
23914
Convert -cdb79 (base 16) to base 2.
-11001101101101111001
What is 18ffa (base 16) in base 5?
11234034
Convert 11111001111010111111 (base 2) to base 6.
33535131
-805853 (base 9) to base 10
-476733
41b17a5 (base 12) to base 15
1156185
What is -154525 (base 15) in base 16?
-fac58
Convert -1d2759 (base 14) to base 12.
-424323
Convert 343553 (base 12) to base 4.
3023331033
-850316 (base 10) to base 14
-181c4c
3543000 (base 7) to base 8
1552177
What is -11100010111100011110100 (base 2) in base 4?
-130113203310
-30200002 (base 4) to base 14
-14934
Convert -1423454 (base 11) to base 14.
-47a9c3
12002220221201 (base 3) to base 15
389591
Convert 1b2604 (base 13) to base 15.
d9a86
110110001101100011 (base 2) to base 4
312031203
Convert 23246 (base 9) to base 5.
444023
310024312 (base 6) to base 3
101000101220022
Convert 1822ba (base 14) to base 6.
30124420
What is -3696495 (base 10) in base 8?
-16063557
Convert 1d0d2d (base 14) to base 5.
231233241
Convert 21103112 (base 5) to base 8.
526457
-1241411310 (base 5) to base 8
-13567366
Convert 134155442 (base 6) to base 9.
5107238
What is 2296143 (base 11) in base 8?
17216433
Convert -2711563 (base 8) to base 4.
-2321031303
Convert 2a088 (base 11) to base 7.
235312
Convert -40459 (base 12) to base 7.
-465462
What is 8e26 (base 16) in base 14?
d394
What is 11000110001100011111110 (base 2) in base 14?
c10b02
What is 21143533 (base 6) in base 5?
124322322
What is -21221202202022 (base 3) in base 5?
-2040233130
126113a (base 13) to base 5
2432240201
105533536 (base 7) to base 6
350052401
-52c82c (base 13) to base 16
-1d9f5d
Convert -22200020200 (base 3) to base 11.
-107332
What is -1060073 (base 9) in base 10?
-570873
-2dad6a (base 15) to base 10
-2213650
Convert -1100201222021 (base 3) to base 5.
-141120043
Convert -2e6acc (base 16) to base 3.
-12201112211112
What is 821480 (base 12) in base 14?
3ad636
What is 1530211 (base 6) in base 15?
1b7bd
-60425 (base 7) to base 4
-3210131
-1c1805 (base 15) to base 4
-11032332113
-35464565 (base 7) to base 2
-1011111111001000011100
Convert -250a3 (base 15) to base 4.
-130320012
-211331424 (base 5) to base 13
-250666
What is 4dde7 (base 16) in base 11?
1a86a6
Convert -81b642 (base 13) to base 12.
-101a0b8
What is 5112261 (base 7) in base 2?
10010100100000011000
Convert -3918528 (base 12) to base 8.
-52662760
11302326 (base 8) to base 9
4556802
What is 721577 (base 8) in base 2?
111010